 Let m be (18 - 19)/(b/19). What is the greatest common factor of m and 38?
19
Let q be (-149 + 84)*(4/(-5))/2. Calculate the highest common factor of q and 546.
26
Let d(m) = 8*m**2 - 6*m - 5. Suppose 0 = n - 5*b - 24, n + 4*b + 25 = 4. Let x be d(n). What is the greatest common divisor of 12 and x?
3
Suppose 5*v = -i + 114, 109 - 361 = -2*i + 2*v. Let z = -52 + i. Suppose -w - 3*p + 0 = -11, 3*p = -2*w + 19. What is the greatest common factor of w and z?
8
Let a = 109 - 100. Suppose 0*i + 3*i = 27. Let u = i - 6. What is the greatest common divisor of a and u?
3
Let l(f) = f**3 + 10*f**2 + 4*f - 12. Let o be l(-6). Let v be (-9)/(-4)*(17 + -5). What is the greatest common factor of o and v?
27
Let g(t) = 14*t + 3. Let h be g(-3). Let q = h - -63. Let s = 28 - q. Calculate the highest common divisor of 2 and s.
2
Suppose -i + 60 = -4*d + 9*d, -5*i + 234 = 3*d. What is the greatest common divisor of 20 and i?
5
Let d = 1094 - 975. Calculate the greatest common divisor of 136 and d.
17
Suppose 0 = o - 4*m + 6, 7 = -3*o - 4*m - 11. Let n be (-99)/22*4/o. What is the highest common factor of 27 and n?
3
Let c = 152 + -63. Suppose -3*y = -x + 3*x - c, 3*x = -5*y + 147. Suppose 4*d = 7*d - y. What is the greatest common factor of d and 9?
9
Let o(w) = 34*w - 10. Suppose 2*x - 3 = c + 16, -5*c - 46 = -3*x. Let j be o(x). What is the greatest common divisor of j and 12?
12
Let j be (-80144)/(-108) + (-66)/891. What is the greatest common factor of j and 112?
14
Let p be (-4)/(-10) + 52/20. Suppose -2 = p*x - 2*w, 0 = 5*x + 3*w + 4 + 12. Let u be 126/26 + x/(-13). Calculate the greatest common divisor of u and 2.
1
Suppose -s - y = -20, -2*s - 3*y - 55 = -4*s. Calculate the greatest common factor of s and 1679.
23
Suppose 30*w = -214 + 634. What is the greatest common divisor of 1834 and w?
14
Suppose 0 = -20*i + 23808 + 12832. Calculate the highest common divisor of 8 and i.
8
Let g = -125 + 135. What is the greatest common divisor of 220 and g?
10
Suppose 3*z - 802 = 2*c, -2*z + z = 3*c - 282. Calculate the highest common factor of 720 and z.
90
Let y(j) be the first derivative of j**3/3 + j**2/2 - 4*j + 9. Let t be y(-7). Calculate the greatest common factor of 57 and t.
19
Suppose 0 = -4*y + 4*j + 172, 2 = -4*j + 22. Suppose 0 = 2*h + h - y. Calculate the highest common factor of 8 and h.
8
Let c be 4/8 - (-17)/2. Let z(g) = g**3 - 39*g**2 + 46*g - 151. Let f be z(38). Calculate the greatest common divisor of f and c.
9
Suppose -5*m - 201 = -2*c, 2*c - 37 = m - 0*m. Let k = -95 - m. Let u = -30 - k. What is the highest common factor of u and 36?
12
Suppose -96 = 2*d - 436. Suppose 349 = 5*z + 3*o, 9 = 6*o - 3*o. What is the greatest common divisor of d and z?
34
Let j be ((-52)/(-18))/(-13) + (-515)/(-9). Suppose 3*s = -2*i + 101, 5*i + 4*s - 98 = 3*i. Let n = 93 - i. What is the greatest common factor of n and j?
19
Let z(b) = -7*b + 7. Let q(m) = 5*m. Let w be q(-1). Let v be z(w). Suppose -8*i = -6*i - 28. What is the greatest common factor of i and v?
14
Let z be -1 + 2 - (-4 + 1)/1. Let q be (13/1 + -3)*2. Calculate the greatest common divisor of z and q.
4
Let i = 193 + -193. Suppose h - 4*h = -5*v - 62, i = 5*h - 2*v - 116. Suppose -3*t + 240 = t. Calculate the highest common factor of t and h.
12
Let f = -153 + 225. What is the highest common factor of f and 180?
36
Let d(p) = p**3 - 5*p**2 - 20*p + 11. Let u be d(8). What is the highest common factor of 43 and u?
43
Let n = 1417 - -623. Calculate the highest common factor of n and 12.
12
Let v = 35 - 33. Suppose 0*y - y = -3*p - 11, -5*y + p = -13. Suppose 5*u + 5*s + 49 = 134, -5*u = -y*s - 92. Calculate the highest common factor of v and u.
2
Let b(i) = -i**2 + 13*i - 6. Let v be b(10). Calculate the greatest common divisor of v and 3.
3
Let t(r) = 4*r - 44. Let x be t(20). Calculate the highest common factor of x and 342.
18
Suppose 4*g - 4*f = 328, -65 - 113 = -2*g - 5*f. Suppose -7*s = -s - g. Calculate the greatest common divisor of 35 and s.
7
Suppose 0 = 19*s - 20*s + 13. Let h = s + -2. What is the highest common factor of h and 33?
11
Let u = 1107 + -1068. Calculate the greatest common divisor of u and 13.
13
Let k(q) = -q**2 - 17*q + 12. Let y be k(-17). Calculate the greatest common divisor of y and 84.
12
Suppose -3*y + 3*s + 39 = 33, -15 = 3*s. Let v(i) = 5*i. Let w be v(2). Let m = w - y. What is the greatest common factor of 26 and m?
13
Let q be (-16653)/(-63) + (3/9)/((-1)/1). Suppose 15 = -5*t, -2*j + 57 = -2*t - t. Calculate the highest common divisor of j and q.
24
Let s be (165/(-20))/((-15)/40). What is the greatest common factor of s and 352?
22
Let q be ((-9)/6)/((-15)/(-2180)). Let a = 489 + q. Suppose -100 = -2*k + 5*r, -4*k + 4*r + a = 59. Calculate the highest common divisor of 11 and k.
11
Let a be (-80)/(-30) - (-2)/(-3). Suppose -r - a*u + 1 = -22, r = 3*u + 3. Suppose -6*j = -3*j - 90. Calculate the highest common factor of j and r.
15
Suppose -a - 2*q + 20 = 0, -4*a + 22 = 3*q - 38. Let s(u) = u**3 - 12*u**2 + u + 36. Let h be s(12). What is the highest common factor of h and a?
12
Let j(s) = -s**2 + 9*s + 1. Let l be j(9). Let v(x) = -5*x - x**2 - 4 - x + l. Let o be v(-2). What is the greatest common factor of 20 and o?
5
Suppose -14*i - 1443 = -6707. Calculate the greatest common factor of 24 and i.
8
Suppose 38*p + 40 = 43*p. Suppose 5*v - 70 = 2*c, v + 29 = 3*v - c. Suppose -h - s + 36 = 2*h, v = h + 2*s. Calculate the highest common divisor of h and p.
4
Suppose -3*v - 2*w = -16, -3*v + 4 - 3 = -w. Suppose 0 = 3*x - 4 + 1. What is the highest common factor of x and v?
1
Suppose -14 = -3*o - 2. Suppose -7*u = -o*u + 90. Let p be 8/(-12)*u/2. Calculate the highest common factor of p and 10.
10
Let b = 36 + -34. Let q be 84/15 + b/5. What is the greatest common divisor of q and 36?
6
Suppose 2*n = -8, -3*y + 2*y - 4*n = 561. Suppose -1155 = 3*q - 5*s, 0 = 2*q + 3*s + 494 + 257. Let r = q - y. Calculate the highest common divisor of 15 and r.
15
Let w(n) = n**2 + 11*n + 11. Suppose -a = -5*s + s + 37, -2*s + 6 = 2*a. Let p be 22*(12/s + -2). Let v be w(p). What is the highest common divisor of v and 88?
11
Let w(c) = 2*c + 10. Let r be w(6). Calculate the greatest common factor of 220 and r.
22
Let u be 146/(-1) - 1 - -3. Let y = u + 93. Let i be 0 - (y - (-6)/2). Calculate the greatest common factor of i and 6.
6
Let q be 5*3/(5 - 2). Suppose q*z = -510 + 10. Let a = 21 - z. What is the greatest common divisor of a and 11?
11
Let k(o) = 6*o - 15. Suppose s + 3 = -0*s, 1 = -m - 2*s. Let r be k(m). What is the highest common factor of 60 and r?
15
Let t(w) = 14 - 3*w - 12 - 4*w - 8. Let q be t(-6). Calculate the highest common divisor of 180 and q.
36
Let x = 1274 - 1254. What is the highest common factor of x and 310?
10
Let x be ((-9)/(126/(-385)))/(40/96). What is the greatest common factor of x and 176?
22
Let n(a) = 15*a + 341. Let k be n(-7). What is the highest common divisor of 59 and k?
59
Suppose p - 3*p = -10. Suppose p*o + 5 - 355 = 0. Calculate the greatest common factor of o and 10.
10
Let t be 132/((2 + 1)/(13 - 11)). Calculate the greatest common factor of t and 36.
4
Let w(f) = -f + 3. Let d be w(3). Suppose -2*k = 4*b - 10, d = -3*k - 4*b + 3*b + 30. What is the greatest common divisor of 44 and k?
11
Suppose 10 - 31 = 3*r. Let i = 24 + r. Let n = i + -13. Calculate the highest common divisor of n and 6.
2
Let l be -3 + (13 - (-4 + 3)). Calculate the greatest common divisor of 77 and l.
11
Suppose 2*m + 3*t - 40 = 0, -4*m + 5*t - 62 = -7*m. Suppose 2*g + m = -2*u, u + 2*u + 4*g = -24. Let o = 4 - u. Calculate the highest common factor of o and 72.
8
Suppose 0 = -24*u + 21*u + y + 631, 0 = -2*u - 2*y + 418. What is the highest common divisor of 120 and u?
30
Let c be (3/4)/(3/1044). Let j = -151 + c. What is the highest common divisor of 10 and j?
10
Let g = 19 - 7. Let l = g + -9. Suppose -3*s = u - 26, -3*s = s - 5*u - l. What is the greatest common factor of 49 and s?
7
Let h(w) = 16*w - 73. Let y be h(14). Let i = 277 - y. What is the highest common factor of 18 and i?
18
Let v be 3/(-2)*(-8)/6. Suppose -2*b = -3*n - 25, 2*b - 4*b - 5*n = -33. Calculate the greatest common divisor of v and b.
2
Suppose 5*p = -3*c - 28 + 508, -4*